{"id":12,"name":"start","title":"Strona g\u0142\u00f3wna","desc":"","header":"Start","lead":"","keywords":"","changes":"Zmiana tre\u015bci.","menu":"","path":"\/start.html","url":"\/start.html","infoOwner":"Biblioteka Publiczna im. Marii Konopnickiej w Suwa\u0142kach","dateFirstPublicate":"2023-05-25 09:59:07","dateLastVersionPublicate":"2025-01-24 09:27:01","dateAvailableFrom":"","dateAvailableTo":"","type":"zwyk\u0142a","pageParams":[],"components":[{"id":"903a72ca-42a6-4c2b-a0c5-75230907a01c","type":"PageMetric","name":"","description":"Metryka strony","content":{"bip_mode":0,"likeCount":0,"disLikeCount":0,"likeUrl":"\/admin\/counter\/count-like","showLikeButtons":0,"config":{"htmlId":null,"cssClass":null,"cssStyle":null,"name":null,"header":null,"enabled":true,"cacheable":false,"template":"component.phtml","renderMode":1,"reloadPeriod":0,"showFrom":null,"showTo":null,"propertiesTypes":{"showLikeButtons":"bool","showVisitCounter":"bool","showPdfConversion":"bool","export":"bool","htmlId":"string","cssClass":"string","cssStyle":"string","name":"string","header":"string","enabled":"bool","cacheable":"bool","template":"string","renderMode":"int","reloadPeriod":"int"},"showPrinter":true,"showChangeRegister":null,"defaultShow":true,"viewType":null,"showLikeButtons":false,"showVisitCounter":false,"showPdfConversion":true,"export":false},"currPage":{"fkPersonCreate":12014,"dateCreate":{"date":"2025-01-24 09:22:21.000000","timezone_type":3,"timezone":"Europe\/Warsaw"},"fkPersonModify":12014,"dateModify":{"date":"2025-01-24 09:27:01.000000","timezone_type":3,"timezone":"Europe\/Warsaw"}},"visitCounter":38351,"currProject":{"fkPersonCreate":11948,"dateCreate":{"date":"2023-05-23 10:06:15.000000","timezone_type":3,"timezone":"Europe\/Warsaw"},"fkPersonModify":11948,"dateModify":{"date":"2023-10-18 09:42:01.000000","timezone_type":3,"timezone":"Europe\/Warsaw"}},"provider":"Biblioteka Publiczna im. Marii Konopnickiej w Suwa\u0142kach","reviewer":"Kamila Jurewicz","responsible":"","createDate":"2023-05-25","editor":"Kamila Jurewicz","provideDate":"2025-01-24","publisher":"Kamila Jurewicz","publilcateDate":"2023-05-25","closureReason":""}},{"id":"5b20c721-7344-4cd5-a023-87740412d814","type":"PageTitle","name":"","description":"Tytu\u0142 strony","content":{"title":"Strona g\u0142\u00f3wna"}},{"id":"a9ef3ba2-b187-43f2-8fcb-99bd43dbb5e1","type":"PageDescription","name":"","description":"Zajawka strony","content":[]},{"id":"9e15a458-9583-4fde-9404-7d786cefec32","type":"Gallery","name":"","description":"Galeria"},{"id":"49be7f1a-bf92-45e3-a6b4-022c1e9aa3ed","type":"Html","name":"8c98d736-faca-11ed-956d-00155d4c2f05","description":"HTML","content":{"content":{"html":""}}},{"id":"7dc6ba01-8f5e-4cd8-8695-a48948162d85","type":"Attachment","name":"Za\u0142\u0105czniki","description":"Za\u0142\u0105czniki do strony"},{"id":"02b44695-ff09-4953-8f65-ae190f84c96d","type":"ContentWYSIWYG","name":"8c98d797-faca-11ed-956d-00155d4c2f05","description":"Tre\u015b\u0107 strony","content":{"content":"\u003Cp style=\u0022margin-top: 0px; margin-bottom: 15px; color: #555555; font-family: Verdana, Geneva, sans-serif; font-size: 14px; font-style: normal; font-variant-ligatures: normal; font-variant-caps: normal; font-weight: 400; letter-spacing: normal; text-indent: 0px; text-transform: none; white-space: normal; word-spacing: 0px; -webkit-text-stroke-width: 0px; background-color: #ffffff; text-decoration-thickness: initial; text-decoration-style: initial; text-decoration-color: initial; text-align: center;\u0022\u003E\u003Cimg class=\u0022img-responsive center-block\u0022 src=\u0022\/resource\/image\/1027\/244\/9\/18\/0x0.png\u0022 alt=\u0022Logo Biblioteki Publicznej im. Marii Konopnickiej w Suwa\u0142kach\u0022 caption=\u0022false\u0022 width=\u0022296\u0022 height=\u0022296\u0022 \/\u003E\u003C\/p\u003E\n\u003Cp style=\u0022margin-top: 0px; margin-bottom: 15px; color: #555555; font-family: Verdana, Geneva, sans-serif; font-size: 14px; font-style: normal; font-variant-ligatures: normal; font-variant-caps: normal; font-weight: 400; letter-spacing: normal; text-indent: 0px; text-transform: none; white-space: normal; word-spacing: 0px; -webkit-text-stroke-width: 0px; background-color: #ffffff; text-decoration-thickness: initial; text-decoration-style: initial; text-decoration-color: initial; text-align: center;\u0022\u003E\u003Cb\u003E\u003C\/b\u003E\u003C\/p\u003E\n\u003Cp style=\u0022margin-top: 0px; margin-bottom: 15px; color: #555555; font-family: Verdana, Geneva, sans-serif; font-size: 14px; font-style: normal; font-variant-ligatures: normal; font-variant-caps: normal; font-weight: 400; letter-spacing: normal; text-indent: 0px; text-transform: none; white-space: normal; word-spacing: 0px; -webkit-text-stroke-width: 0px; background-color: #ffffff; text-decoration-thickness: initial; text-decoration-style: initial; text-decoration-color: initial; text-align: center;\u0022\u003E\u003Cb\u003EBiblioteka Publiczna im. Marii Konopnickiej w Suwa\u0142kach\u003C\/b\u003E\u003Cbr \/\u003Eul. E. Plater 33A, 16-400 Suwa\u0142ki\u003C\/p\u003E\n\u003Cp style=\u0022margin-top: 0px; margin-bottom: 15px; color: #555555; font-family: Verdana, Geneva, sans-serif; font-size: 14px; font-style: normal; font-variant-ligatures: normal; font-variant-caps: normal; font-weight: 400; letter-spacing: normal; text-indent: 0px; text-transform: none; white-space: normal; word-spacing: 0px; -webkit-text-stroke-width: 0px; background-color: #ffffff; text-decoration-thickness: initial; text-decoration-style: initial; text-decoration-color: initial; text-align: center;\u0022\u003Ee-mail: \u003Ca href=\u0022mailto:sekretariat@bpsuwalki.pl\u0022\u003Esekretariat@bpsuwalki.pl\u003C\/a\u003E\u003C\/p\u003E\n\u003Cp style=\u0022margin-top: 0px; margin-bottom: 15px; color: #555555; font-family: Verdana, Geneva, sans-serif; font-size: 14px; font-style: normal; font-variant-ligatures: normal; font-variant-caps: normal; font-weight: 400; letter-spacing: normal; text-indent: 0px; text-transform: none; white-space: normal; word-spacing: 0px; -webkit-text-stroke-width: 0px; background-color: #ffffff; text-decoration-thickness: initial; text-decoration-style: initial; text-decoration-color: initial; text-align: center;\u0022\u003Ewww: \u003Ca href=\u0022https:\/\/bpsuwalki.pl\/\u0022\u003Ehttps:\/\/bpsuwalki.pl\/\u003C\/a\u003E\u003C\/p\u003E\n\u003Cp style=\u0022margin-top: 0px; margin-bottom: 15px; color: #555555; font-family: Verdana, Geneva, sans-serif; font-size: 14px; font-style: normal; font-variant-ligatures: normal; font-variant-caps: normal; font-weight: 400; letter-spacing: normal; text-indent: 0px; text-transform: none; white-space: normal; word-spacing: 0px; -webkit-text-stroke-width: 0px; background-color: #ffffff; text-decoration-thickness: initial; text-decoration-style: initial; text-decoration-color: initial; text-align: center;\u0022\u003ESekretariat: tel. 87 565-62-46\u003C\/p\u003E\n\u003Cp style=\u0022margin-top: 0px; margin-bottom: 15px; color: #555555; font-family: Verdana, Geneva, sans-serif; font-size: 14px; font-style: normal; font-variant-ligatures: normal; font-variant-caps: normal; font-weight: 400; letter-spacing: normal; text-indent: 0px; text-transform: none; white-space: normal; word-spacing: 0px; -webkit-text-stroke-width: 0px; background-color: #ffffff; text-decoration-thickness: initial; text-decoration-style: initial; text-decoration-color: initial; text-align: center;\u0022\u003EWypo\u017cyczalnia dla doros\u0142ych: tel. 87 565-62-48\u003C\/p\u003E\n\u003Cp style=\u0022margin-top: 0px; margin-bottom: 15px; color: #555555; font-family: Verdana, Geneva, sans-serif; font-size: 14px; font-style: normal; font-variant-ligatures: normal; font-variant-caps: normal; font-weight: 400; letter-spacing: normal; text-indent: 0px; text-transform: none; white-space: normal; word-spacing: 0px; -webkit-text-stroke-width: 0px; background-color: #ffffff; text-decoration-thickness: initial; text-decoration-style: initial; text-decoration-color: initial; text-align: center;\u0022\u003E\u003Cbr \/\u003EOsoba reprezentuj\u0105ca jednostk\u0119: Maria Aleksandra Ko\u0142odziejska - Dyrektor\u003C\/p\u003E\n\u003Cp style=\u0022margin-top: 0px; margin-bottom: 15px; color: #555555; font-family: Verdana, Geneva, sans-serif; font-size: 14px; font-style: normal; font-variant-ligatures: normal; font-variant-caps: normal; font-weight: 400; letter-spacing: normal; text-indent: 0px; text-transform: none; white-space: normal; word-spacing: 0px; -webkit-text-stroke-width: 0px; background-color: #ffffff; text-decoration-thickness: initial; text-decoration-style: initial; text-decoration-color: initial; text-align: center;\u0022\u003EDyrektor Biblioteki przyjmuje interesant\u00f3w w sprawie skarg i wniosk\u00f3w w ka\u017cd\u0105 \u015brod\u0119 w godz. 9.00-12.00 w pokoju nr 15 (2 pi\u0119tro)\u003C\/p\u003E\n\u003Cp style=\u0022margin-top: 0px; margin-bottom: 15px; color: #555555; font-family: Verdana, Geneva, sans-serif; font-size: 14px; font-style: normal; font-variant-ligatures: normal; font-variant-caps: normal; font-weight: 400; letter-spacing: normal; text-indent: 0px; text-transform: none; white-space: normal; word-spacing: 0px; -webkit-text-stroke-width: 0px; background-color: #ffffff; text-decoration-thickness: initial; text-decoration-style: initial; text-decoration-color: initial; text-align: center;\u0022\u003EAdres elektronicznej skrzynki podawczej (ESP) na ePUAP: \u003Cstrong\u003E\/bp_suwalki\/SkrytkaESP\u003C\/strong\u003E\u003C\/p\u003E\n\u003Cp style=\u0022margin-top: 0px; margin-bottom: 15px; color: #555555; font-family: Verdana, Geneva, sans-serif; font-size: 14px; font-style: normal; font-variant-ligatures: normal; font-variant-caps: normal; font-weight: 400; letter-spacing: normal; text-indent: 0px; text-transform: none; white-space: normal; word-spacing: 0px; -webkit-text-stroke-width: 0px; background-color: #ffffff; text-decoration-thickness: initial; text-decoration-style: initial; text-decoration-color: initial; text-align: center;\u0022\u003E\u003Cstrong\u003E\u003Cspan\u003EW celu uzyskania informacji o stanie spraw uprzejmie prosimy o kontakt: 87 565 62 46\u003C\/span\u003E\u003C\/strong\u003E\u003C\/p\u003E\n\u003Cp class=\u0022MsoNormal\u0022 style=\u0022text-align: center;\u0022\u003E\u003Cspan style=\u0022font-size: 10.0pt; mso-bidi-font-size: 11.0pt; line-height: 107%;\u0022\u003EAdres skrzynki w systemie e-dor\u0119czenia: AE: pl-42247-92559-HCUGR-23\u003Co:p\u003E\u003C\/o:p\u003E\u003C\/span\u003E\u003C\/p\u003E","promotion":false}}]}

Strona główna

Zmiana treści.

Biblioteka Publiczna im. Marii Konopnickiej w Suwałkach

zwykła

Tytuł strony

Załączniki

Załączniki do strony

Treść strony

<p style="margin-top: 0px; margin-bottom: 15px; color: #555555; font-family: Verdana, Geneva, sans-serif; font-size: 14px; font-style: normal; font-variant-ligatures: normal; font-variant-caps: normal; font-weight: 400; letter-spacing: normal; text-indent: 0px; text-transform: none; white-space: normal; word-spacing: 0px; -webkit-text-stroke-width: 0px; background-color: #ffffff; text-decoration-thickness: initial; text-decoration-style: initial; text-decoration-color: initial; text-align: center;"><img class="img-responsive center-block" src="/resource/image/1027/244/9/18/0x0.png" alt="Logo Biblioteki Publicznej im. Marii Konopnickiej w Suwałkach" caption="false" width="296" height="296" /></p>
<p style="margin-top: 0px; margin-bottom: 15px; color: #555555; font-family: Verdana, Geneva, sans-serif; font-size: 14px; font-style: normal; font-variant-ligatures: normal; font-variant-caps: normal; font-weight: 400; letter-spacing: normal; text-indent: 0px; text-transform: none; white-space: normal; word-spacing: 0px; -webkit-text-stroke-width: 0px; background-color: #ffffff; text-decoration-thickness: initial; text-decoration-style: initial; text-decoration-color: initial; text-align: center;"><b></b></p>
<p style="margin-top: 0px; margin-bottom: 15px; color: #555555; font-family: Verdana, Geneva, sans-serif; font-size: 14px; font-style: normal; font-variant-ligatures: normal; font-variant-caps: normal; font-weight: 400; letter-spacing: normal; text-indent: 0px; text-transform: none; white-space: normal; word-spacing: 0px; -webkit-text-stroke-width: 0px; background-color: #ffffff; text-decoration-thickness: initial; text-decoration-style: initial; text-decoration-color: initial; text-align: center;"><b>Biblioteka Publiczna im. Marii Konopnickiej w Suwałkach</b><br />ul. E. Plater 33A, 16-400 Suwałki</p>
<p style="margin-top: 0px; margin-bottom: 15px; color: #555555; font-family: Verdana, Geneva, sans-serif; font-size: 14px; font-style: normal; font-variant-ligatures: normal; font-variant-caps: normal; font-weight: 400; letter-spacing: normal; text-indent: 0px; text-transform: none; white-space: normal; word-spacing: 0px; -webkit-text-stroke-width: 0px; background-color: #ffffff; text-decoration-thickness: initial; text-decoration-style: initial; text-decoration-color: initial; text-align: center;">e-mail: <a href="mailto:sekretariat@bpsuwalki.pl">sekretariat@bpsuwalki.pl</a></p>
<p style="margin-top: 0px; margin-bottom: 15px; color: #555555; font-family: Verdana, Geneva, sans-serif; font-size: 14px; font-style: normal; font-variant-ligatures: normal; font-variant-caps: normal; font-weight: 400; letter-spacing: normal; text-indent: 0px; text-transform: none; white-space: normal; word-spacing: 0px; -webkit-text-stroke-width: 0px; background-color: #ffffff; text-decoration-thickness: initial; text-decoration-style: initial; text-decoration-color: initial; text-align: center;">www: <a href="https://bpsuwalki.pl/">https://bpsuwalki.pl/</a></p>
<p style="margin-top: 0px; margin-bottom: 15px; color: #555555; font-family: Verdana, Geneva, sans-serif; font-size: 14px; font-style: normal; font-variant-ligatures: normal; font-variant-caps: normal; font-weight: 400; letter-spacing: normal; text-indent: 0px; text-transform: none; white-space: normal; word-spacing: 0px; -webkit-text-stroke-width: 0px; background-color: #ffffff; text-decoration-thickness: initial; text-decoration-style: initial; text-decoration-color: initial; text-align: center;">Sekretariat: tel. 87 565-62-46</p>
<p style="margin-top: 0px; margin-bottom: 15px; color: #555555; font-family: Verdana, Geneva, sans-serif; font-size: 14px; font-style: normal; font-variant-ligatures: normal; font-variant-caps: normal; font-weight: 400; letter-spacing: normal; text-indent: 0px; text-transform: none; white-space: normal; word-spacing: 0px; -webkit-text-stroke-width: 0px; background-color: #ffffff; text-decoration-thickness: initial; text-decoration-style: initial; text-decoration-color: initial; text-align: center;">Wypożyczalnia dla dorosłych: tel. 87 565-62-48</p>
<p style="margin-top: 0px; margin-bottom: 15px; color: #555555; font-family: Verdana, Geneva, sans-serif; font-size: 14px; font-style: normal; font-variant-ligatures: normal; font-variant-caps: normal; font-weight: 400; letter-spacing: normal; text-indent: 0px; text-transform: none; white-space: normal; word-spacing: 0px; -webkit-text-stroke-width: 0px; background-color: #ffffff; text-decoration-thickness: initial; text-decoration-style: initial; text-decoration-color: initial; text-align: center;"><br />Osoba reprezentująca jednostkę: Maria Aleksandra Kołodziejska - Dyrektor</p>
<p style="margin-top: 0px; margin-bottom: 15px; color: #555555; font-family: Verdana, Geneva, sans-serif; font-size: 14px; font-style: normal; font-variant-ligatures: normal; font-variant-caps: normal; font-weight: 400; letter-spacing: normal; text-indent: 0px; text-transform: none; white-space: normal; word-spacing: 0px; -webkit-text-stroke-width: 0px; background-color: #ffffff; text-decoration-thickness: initial; text-decoration-style: initial; text-decoration-color: initial; text-align: center;">Dyrektor Biblioteki przyjmuje interesantów w sprawie skarg i wniosków w każdą środę w godz. 9.00-12.00 w pokoju nr 15 (2 piętro)</p>
<p style="margin-top: 0px; margin-bottom: 15px; color: #555555; font-family: Verdana, Geneva, sans-serif; font-size: 14px; font-style: normal; font-variant-ligatures: normal; font-variant-caps: normal; font-weight: 400; letter-spacing: normal; text-indent: 0px; text-transform: none; white-space: normal; word-spacing: 0px; -webkit-text-stroke-width: 0px; background-color: #ffffff; text-decoration-thickness: initial; text-decoration-style: initial; text-decoration-color: initial; text-align: center;">Adres elektronicznej skrzynki podawczej (ESP) na ePUAP: <strong>/bp_suwalki/SkrytkaESP</strong></p>
<p style="margin-top: 0px; margin-bottom: 15px; color: #555555; font-family: Verdana, Geneva, sans-serif; font-size: 14px; font-style: normal; font-variant-ligatures: normal; font-variant-caps: normal; font-weight: 400; letter-spacing: normal; text-indent: 0px; text-transform: none; white-space: normal; word-spacing: 0px; -webkit-text-stroke-width: 0px; background-color: #ffffff; text-decoration-thickness: initial; text-decoration-style: initial; text-decoration-color: initial; text-align: center;"><strong><span>W celu uzyskania informacji o stanie spraw uprzejmie prosimy o kontakt: 87 565 62 46</span></strong></p>
<p class="MsoNormal" style="text-align: center;"><span style="font-size: 10.0pt; mso-bidi-font-size: 11.0pt; line-height: 107%;">Adres skrzynki w systemie e-doręczenia: AE: pl-42247-92559-HCUGR-23<o:p></o:p></span></p>
